n divisor of g and 9.
9
Let b be 8/(-6)*(-12)/8. Let u(l) = 15*l - 2. Let x be u(b). What is the highest common divisor of x and 4?
4
Suppose 0 = 3*n - 4*p - 116, -2*n = -0*n + 5*p - 85. Suppose -3*c - z = -n, -6*z + z = -2*c + 4. Calculate the greatest common factor of c and 4.
4
Let z = 3 - 0. Let l be (-1 + 23/z)*6. Suppose -12 = 3*b - 0*b, 10 = -t - 5*b. Calculate the greatest common factor of t and l.
10
Let z = 21 - -3. Calculate the highest common factor of z and 12.
12
Let c = 97 - 59. Let p = 101 - c. Calculate the greatest common divisor of 7 and p.
7
Suppose 104 = -3*i + 392. Suppose 5*r + 132 = 16*r. What is the highest common divisor of r and i?
12
Suppose 3*n - 15 = -3. What is the highest common divisor of 28 and n?
4
Suppose -5*k + 25 = -y, 0 = -2*k + k - 5*y + 5. Suppose k*q - 29 = 21. Let o be 3 + -4 + (1 - -90). Calculate the highest common divisor of q and o.
10
Let l(y) = -y**2 + 12*y - 12. Let g be l(10). What is the highest common divisor of g and 20?
4
Let c = -6 - -11. Calculate the greatest common divisor of c and 5.
5
Let u(g) = -g + 4. Suppose b + 1 + 5 = -2*p, b + 4*p = -12. Let k be u(b). What is the highest common factor of 28 and k?
4
Let b = 17 - 16. Let k(z) = 54*z - 2. Let p be k(b). Calculate the greatest common factor of p and 78.
26
Let a(k) = k - 1. Let h be a(2). Let l(o) = o**2 + 8*o + 11. Let m be l(-8). What is the greatest common divisor of m and h?
1
Suppose f + 3 - 12 = 0. Calculate the greatest common factor of 18 and f.
9
Let t = -2 + 7. Suppose 0 = 3*l + 5 - 14. Suppose t*u = l*u + 18. What is the greatest common factor of 3 and u?
3
Let w be 3/(-1) - (-2 + -1). Suppose 4*p - 2*p - 52 = w. Suppose 2*y - 65 = -3*y. What is the highest common factor of p and y?
13
Let t = 9 + -4. Suppose 3*i + 2*i = -t. Let h(g) = 8*g**2 - 2*g - 1. Let r be h(i). What is the highest common divisor of 9 and r?
9
Let w(m) = -m**3 + 7*m**2 - 5*m - 1. Let q be w(6). Let a(c) = 15*c - 5. Let p be a(q). Let h = 23 + -13. What is the highest common divisor of h and p?
10
Suppose -2*i = -0*v - v - 45, 4*i - 84 = 4*v. Suppose i = 2*m - 0*m. What is the greatest common divisor of 8 and m?
4
Suppose -a = -o - 6, -a + 12 = 3*a - o. Suppose 6*j = a*j + 48. Suppose 5*i + 25 = 0, 4*i - 1 + 13 = -2*u. Calculate the greatest common divisor of u and j.
4
Let p be -1*(1 - -1 - 2). Suppose -28 = -3*m + 2*v, p = -4*m + 2*v + 38. Let o be (16/(-24))/((-2)/270). Calculate the greatest common divisor of m and o.
10
Suppose 0 = -3*d + 46 - 16. Let s be (-6)/(-30) - 349/(-5). What is the highest common factor of s and d?
10
Suppose 7*s - s = 72. Calculate the highest common factor of 102 and s.
6
Let k(s) = -s**3 - 5*s**2 - 4*s - 3. Let o be k(-5). Let y = -4 + 1. Let x be (-68)/(y + 1) - 0. Calculate the highest common divisor of o and x.
17
Let w = -25 - -41. Let j = w - -3. Calculate the greatest common factor of 57 and j.
19
Let k = -47 + 54. Let q(m) = -11*m**3 - 3*m**2 + 1. Let c be q(-2). Calculate the highest common factor of c and k.
7
Suppose 0 = 3*a + 39 - 0. Let b be (0 - -1)/(a/(-91)). What is the greatest common factor of b and 63?
7
Let x be (-3)/(-9) - 1324/(-6). Let b = x + -95. What is the greatest common factor of 14 and b?
14
Let h be 5*54/10*1. What is the greatest common factor of 9 and h?
9
Let s(p) = p**2 + 2*p - 3. Let g(t) = -t**2 - 2*t + t - t + 3. Let n(f) = -3*g(f) - 2*s(f). Let l be n(2). Calculate the greatest common factor of l and 1.
1
Suppose -3*x = x - 20. Suppose -4*i = -4*b + 52, x*b - 37 - 10 = -4*i. Let d = -70 + 125. What is the highest common divisor of d and b?
11
Let o be (-1)/(1/11*-1). Let s = 7 - 2. Suppose 2*y - s*z = 95, 0 = -3*y - 6*z + 3*z + 174. Calculate the greatest common divisor of y and o.
11
Suppose 2*s - 4*s = -p - 72, -3*s = -p - 110. Calculate the greatest common factor of s and 228.
38
Let u be 25 + (-2 - 12/(-4)). Suppose 0 = 3*y - 4*w - u, w + 9 = 2*y - 5. What is the highest common factor of 24 and y?
6
Suppose -4*v + 114 = -2*r, -v = -2*v + r + 29. What is the greatest common factor of v and 4?
4
Suppose -t + 3*t = 334. Suppose 2 - t = -5*b. Suppose -g + b = -32. What is the greatest common divisor of 26 and g?
13
Let v = 8 - 2. Suppose 10*p - v*p = 20. Let l be -50*(-2 - 6/(-4)). Calculate the highest common divisor of l and p.
5
Let b = -1 - -3. Let n be -2*(-2)/4 - b. Let w = n - -37. Calculate the highest common factor of w and 24.
12
Suppose -25 = -3*n - 4*g, -g = -4*n + 2*g. Let f be (-8)/n*12/(-8). Calculate the greatest common divisor of f and 10.
2
Let i(y) = -y**3 + 4*y**2 + y - 2. Let k be i(4). Suppose -k*x = 8, -2*x + 59 = 3*s - 32. Calculate the greatest common divisor of 11 and s.
11
Let f = 17 - 12. Suppose 48 = f*w + 4*t - 33, -4*t + 42 = 2*w. What is the highest common factor of 26 and w?
13
Let t = -1 + 5. Let i = t + 2. Calculate the highest common divisor of 9 and i.
3
Let k = 12 - 7. Suppose 3*z = -2*y + 3*y + 10, -2*y + 3*z - 17 = 0. Let j = -2 - y. Calculate the highest common factor of j and k.
5
Suppose 3*b + 1 + 0 = z, 6 = 3*b. What is the highest common divisor of z and 7?
7
Let q = 72 + -48. Let k = 34 - q. What is the highest common factor of k and 40?
10
Let w = 13 + 8. Let v(r) = r**2 - 17*r + 23. Let l be v(16). What is the greatest common factor of l and w?
7
Let r = 8 - 4. Calculate the highest common factor of r and 20.
4
Let n = 10 + -6. Let o = 0 - 0. Suppose o = -j + 5 + 3. Calculate the greatest common divisor of n and j.
4
Suppose 3*p - 18 = -3*z, 5*z + p - 62 = 4*p. What is the highest common divisor of z and 10?
10
Let g be 1 + (1 - 1 - -1). Suppose g*d - 1 + 3 = 0. Let l be (d - 0) + 3 + 70. What is the highest common factor of l and 8?
8
Suppose -279 = -2*d - 4*k + 69, -d + 4*k + 180 = 0. What is the greatest common divisor of 22 and d?
22
Let v = 21 - -5. Suppose 3*h - 26 = h. What is the greatest common divisor of h and v?
13
Let j be 7 + -3 - 22/(-1). Let i(d) = d**2 - 2*d - 4. Let w be i(-4). Suppose 2*y = 7*y - w, q = -y + 17. What is the highest common factor of q and j?
13
Let c = 75 + -54. Let m = c - 7. Let o = 1 - -1. Calculate the greatest common factor of m and o.
2
Let y = 385 + -539. Let p = 231 + 35. Let o = y + p. What is the highest common factor of 14 and o?
14
Suppose -3*w + r + 96 = 0, 4*w + 30 = r + 158. What is the greatest common factor of w and 128?
32
Suppose 4*l - 136 - 44 = 0. What is the highest common divisor of 5 and l?
5
Suppose s - 28 = -3*s. Suppose -v = -2*x - 25, 4*x = 3*v - 0*x - 85. Calculate the highest common divisor of v and s.
7
Let q = 39 - 19. Suppose 5*m - q = 10. Let u = -12 - -48. What is the greatest common factor of m and u?
6
Suppose h + y = 2*h - 113, -2*y - 450 = -4*h. Suppose -3*r + 24 = -18. What is the highest common factor of h and r?
14
Suppose 3*z - 250 = -2*z. Calculate the highest common divisor of z and 10.
10
Let a = -205 + 358. What is the highest common divisor of a and 17?
17
Let r(f) = -f**2 + f + 21. Let w be r(0). Let o = 187 + 50. Let x = -69 + o. What is the highest common divisor of x and w?
21
Let m be (-4 + 1)/(3 + -4). Suppose -m*w = -21 - 0. Let x = 1 - -13. What is the greatest common divisor of w and x?
7
Let w be (-69)/(-12) + (-4)/(-16). Suppose -w*t = -5*t - 5. Suppose 6 = -h + 7, 2*g - 3*h = -1. Calculate the highest common factor of t and g.
1
Let i = -5 - -8. Let q be 0 - 3/i - -8. What is the greatest common factor of q and 49?
7
Let s(i) = 5*i**2 - i + 8. Let t be s(3). What is the greatest common divisor of 10 and t?
10
Suppose -i - 3*b - 15 = -6, -5*b - 23 = -i. Suppose h = i*h - 80. Calculate the highest common factor of h and 16.
8
Let a = 133 - 66. Suppose z + 27 = a. Let i(x) = x**2 - 9*x - 28. Let k be i(12). What is the highest common divisor of z and k?
8
Let a = 155 - 11. What is the highest common divisor of a and 18?
18
Let y = 6 - 0. Suppose 2*v - 4*v = -y. Suppose -3 - 3 = -v*t. Calculate the greatest common factor of t and 8.
2
Suppose 155 = 4*i - 5. What is the greatest common factor of i and 8?
8
Let m be (120/9)/((-1)/(-3)). Let k = 29 + -24. Calculate the highest common factor of k and m.
5
Let w = 94 - 171. Let q = w + 197. Calculate the highest common factor of 15 and q.
15
Suppose -v = 3*v + 8. Let w be (-2)/(-3)*-6 - v. L